s of 15712595?
5, 3142519
List the prime factors of 1149616.
2, 13, 5527
What are the prime factors of 5707389?
3, 1902463
List the prime factors of 144167.
144167
List the prime factors of 1515103.
293, 5171
What are the prime factors of 1080233?
7, 11, 14029
List the prime factors of 8368169.
8368169
List the prime factors of 17891035.
5, 809, 4423
List the prime factors of 1340973.
3, 148997
List the prime factors of 2757067.
47, 58661
What are the prime factors of 514195?
5, 11, 9349
List the prime factors of 392120.
2, 5, 9803
What are the prime factors of 1287937?
7, 17, 79, 137
List the prime factors of 98373.
3, 11, 271
What are the prime factors of 619336?
2, 77417
What are the prime factors of 76447?
7, 67, 163
List the prime factors of 38488321.
239, 161039
What are the prime factors of 8481827?
17, 498931
What are the prime factors of 293160?
2, 3, 5, 7, 349
What are the prime factors of 449634?
2, 3, 137, 547
List the prime factors of 535408.
2, 109, 307
What are the prime factors of 269623?
269623
What are the prime factors of 175794?
2, 3, 83, 353
What are the prime factors of 309559?
309559
List the prime factors of 6591151.
7, 941593
List the prime factors of 375083.
375083
List the prime factors of 8991705.
3, 5, 31, 61, 317
List the prime factors of 24607.
11, 2237
List the prime factors of 740935.
5, 13, 11399
What are the prime factors of 2571576?
2, 3, 7, 15307
What are the prime factors of 4338497?
41, 105817
List the prime factors of 1018176.
2, 3, 5303
What are the prime factors of 3381107?
19, 177953
What are the prime factors of 20410238?
2, 10205119
List the prime factors of 170610.
2, 3, 5, 11, 47
What are the prime factors of 1275843?
3, 425281
List the prime factors of 4184936.
2, 7, 74731
What are the prime factors of 222993?
3, 2753
What are the prime factors of 935997?
3, 19, 16421
What are the prime factors of 500011?
107, 4673
What are the prime factors of 41055?
3, 5, 7, 17, 23
List the prime factors of 733155.
3, 5, 37, 1321
List the prime factors of 448490.
2, 5, 7, 43, 149
What are the prime factors of 6853815?
3, 5, 5641
List the prime factors of 13156103.
13156103
List the prime factors of 3911173.
7, 17, 23, 1429
What are the prime factors of 3217898?
2, 29, 109, 509
List the prime factors of 146794.
2, 19, 3863
What are the prime factors of 146571?
3, 48857
List the prime factors of 15196497.
3, 277, 18287
List the prime factors of 1057629.
3, 352543
List the prime factors of 1602802.
2, 19, 42179
List the prime factors of 17605352.
2, 107, 131, 157
What are the prime factors of 20704?
2, 647
What are the prime factors of 107051?
7, 41, 373
List the prime factors of 9015326.
2, 41, 109943
What are the prime factors of 705407?
241, 2927
List the prime factors of 8864204.
2, 571, 3881
List the prime factors of 28974.
2, 3, 11, 439
List the prime factors of 7814792.
2, 976849
List the prime factors of 126490.
2, 5, 7, 13, 139
List the prime factors of 14474129.
307, 47147
List the prime factors of 473350.
2, 5, 9467
List the prime factors of 476675.
5, 23, 829
List the prime factors of 1017740.
2, 5, 151, 337
What are the prime factors of 535667?
11, 19, 233
List the prime factors of 42591.
3, 14197
What are the prime factors of 78921?
3, 37, 79
List the prime factors of 2240537.
13, 19, 47, 193
What are the prime factors of 78856?
2, 9857
What are the prime factors of 463512?
2, 3, 7, 31, 89
What are the prime factors of 5370997?
17, 193, 1637
What are the prime factors of 901516?
2, 7, 11, 2927
List the prime factors of 710774.
2, 467, 761
What are the prime factors of 498867?
3, 166289
What are the prime factors of 4485968?
2, 280373
What are the prime factors of 84000?
2, 3, 5, 7
List the prime factors of 16302164.
2, 53, 131, 587
What are the prime factors of 407387?
263, 1549
What are the prime factors of 3398347?
101, 33647
What are the prime factors of 378194?
2, 263, 719
What are the prime factors of 890473?
19, 46867
What are the prime factors of 2372066?
2, 1186033
List the prime factors of 4012963.
79, 643
What are the prime factors of 1361074?
2, 11, 13, 4759
What are the prime factors of 506633?
31, 59, 277
List the prime factors of 5558786.
2, 193, 14401
What are the prime factors of 2149785?
3, 5, 11, 43, 101
What are the prime factors of 2716216?
2, 339527
What are the prime factors of 812902?
2, 59, 83
List the prime factors of 232629.
3, 77543
What are the prime factors of 595475?
5, 23819
What are the prime factors of 827029?
7, 118147
List the prime factors of 886040.
2, 5, 17, 1303
List the prime factors of 628423.
628423
What are the prime factors of 1378373?
1378373
List the prime factors of 2832627.
3, 7, 134887
What are the prime factors of 382576?
2, 23911
List the prime factors of 63843.
3, 13, 1637
List the prime factors of 2692078.
2, 1346039
What are the prime factors of 2149729?
127, 16927
List the prime factors of 17045375.
5, 19, 7177
List the prime factors of 971264.
2, 7, 271
List the prime factors of 163313.
197, 829
What are the prime factors of 5934?
2, 3, 23, 43
What are the prime factors of 227076?
2, 3, 127, 149
What are the prime factors of 655596?
2, 3, 18211
List the prime factors of 205470.
2, 3, 5, 761
What are the prime factors of 3330977?
13, 257, 997
What are the prime factors of 1201845?
3, 5, 19, 4217
List the prime factors of 7392884.
2, 1848221
What are the prime factors of 7564281?
3, 257, 9811
List the prime factors of 593690.
2, 5, 59369
List the prime factors of 433907.
31, 13997
List the prime factors of 999006.
2, 3, 31, 41, 131
What are the prime factors of 238166?
2, 119083
List the prime factors of 6666078.
2, 3, 1111013
What are the prime factors of 670766?
2, 335383
What are the prime factors of 1102372?
2, 275593
List the prime factors of 6577914.
2, 3, 7, 19, 8243
List the prime factors of 10450451.
11, 950041
List the prime factors of 266053.
266053
List the prime factors of 4566454.
2, 2283227
List the prime factors of 20715542.
2, 10357771
List the prime factors of 559920.
2, 3, 5, 2333
List the prime factors of 229815.
3, 5, 5107
List the prime factors of 260719.
41, 6359
What are the prime factors of 16739318?
2, 31, 37, 7297
List the prime factors of 9326374.
2, 197, 23671
List the prime factors of 275580.
2, 3, 5, 1531
List the prime factors of 5693263.
5693263
What are the prime factors of 690449?
690449
What are the prime factors of 1600249?
7, 29, 7883
What are the prime factors of 18384201?
3, 11, 185699
What are the prime factors of 390164?
2, 103, 947
List the prime factors of 10043064.
2, 3, 139487
List the prime factors of 37456788.
2, 3, 23, 113, 1201
List the prime factors of 7551030.
2, 3, 5, 251701
List the prime factors of 564458.
2, 282229
What are the prime factors of 2969654?
2, 1484827
What are the prime factors of 4859578?
2, 23, 89, 1187
What are the prime factors of 3017881?
31, 67, 1453
What are the prime factors of 6720728?
2, 7, 43, 2791
List the prime factors of 3811997.
7, 23, 23677
List the prime factors of 986186.
2, 493093
List the prime factors of 222130.
2, 5, 97, 229
What are the prime factors of 232195?
5, 46439
What are the prime factors of 905097?
3, 17, 17747
List the prime factors of 17790.
2, 3, 5, 593
List the prime factors of 284772.
2, 3, 19, 1249
What are the prime factors of 171456?
2, 3, 19, 47
List the prime factors of 134044.
2, 23, 31, 47
What are the prime factors of 237172?
2, 13, 4561
List the prime factors of 388514.
2, 7, 27751
List the prime factors of 2215853.
2215853
List the prime factors of 91542.
2, 3, 11, 19, 73
What are the prime factors of 1132065?
3, 5, 11, 2287
List the prime factors of 1559867.
307, 5081
List the prime factors of 37934107.
23, 1649309
List the prime factors of 392519.
392519
List the prime factors of 1078383.
3, 19, 18919
List the prime factors of 84595.
5, 7, 2417
What are the prime factors of 177699?
3, 59233
What are the prime factors of 4004765?
5, 800953
What are the prime factors of 2378686?
2, 19, 62597
List the prime factors of 38117754.
2, 3, 2117653
List the prime factors of 135938.
2, 11, 37, 167
List the prime factors of 1349802.
2, 3, 31, 41, 59
What are the prime factors of 38073344?
2, 37181
What are the prime factors of 236589?
3, 